t is s(p)?
-20
Let t(y) = -4*y - 4*y + 2*y - 7. Let w(p) = -2*p - 2. Let d(r) = -2*t(r) + 7*w(r). Give d(-1).
2
Let y be -4 - 0/(0 + -4). Let d(a) = a - 2. Give d(y).
-6
Let u(p) = -17*p + 9. Let b(y) = 8*y - 4. Let g be 2/(-6) + (-57)/(-9). Let r(h) = g*u(h) + 13*b(h). Determine r(-3).
-4
Let z be ((-15)/10)/3*0. Let q(d) = -d + 7. Let t be q(5). Let k(x) = -2*x**2 - x - 9 + 3*x**t - 1. Calculate k(z).
-10
Let u(k) = 4*k**2 - 2*k - 5. Let i(x) = 3*x**2 - x - 4. Let b(o) = 6*i(o) - 5*u(o). Determine b(3).
-5
Let l(r) = 6 + 5*r**3 - 4*r**3 + 13*r**2 - 13*r**2. Determine l(0).
6
Let q(a) = a**2 + 6*a + 6. Let z = 26 + -30. Give q(z).
-2
Let j(w) be the third derivative of w**5/60 + 5*w**4/24 - 5*w**3/6 - 9*w**2. Calculate j(-6).
1
Let f(k) be the third derivative of k**6/120 - k**5/12 + k**4/24 + 3*k**2. Suppose b - 5*d = 25, -2*b + b = -d - 9. Give f(b).
5
Let b(w) = -w - 1. Let u(d) = -d**2 + 18*d - 13. Let n be u(17). Calculate b(n).
-5
Let b(w) = -3*w - 12. Let g(t) = t + 4. Let y(z) = 2*b(z) + 7*g(z). What is y(4)?
8
Let u be (12 - (6 - 3))*-1. Let n(f) = -f**3 - 8*f**2 + 10*f + 4. Determine n(u).
-5
Suppose 4*z - 4 = -0. Let f(a) = -a - 8*a**2 - z + a**3 + 8*a**2. Give f(0).
-1
Let f(z) = z**2 - 2*z - 6. Suppose 9 = 2*v + 1. Let s(q) = q**2 - 2*q - 7. Let t(k) = v*s(k) - 5*f(k). Determine t(3).
-1
Let b(f) be the second derivative of -f**5/20 + 5*f**4/12 + f**3/6 - 7*f**2/2 + f. Let u = 33 + -28. What is b(u)?
-2
Suppose -24*n - 1 + 1 = 0. Let b(s) = -s - 6. Calculate b(n).
-6
Let s(q) = q**3 - 12*q**2 + 12*q - 9. Let w be s(11). Suppose -v + w*v - 11 = 0. Let o(n) = -v*n - 25 + 25. Give o(-1).
11
Let c = 1 - -10. Let j = 7 - c. Let a(t) be the third derivative of -t**4/24 - 2*t**3/3 + t**2. Give a(j).
0
Suppose -4*q + 0*v = 2*v, -4*v - 20 = -2*q. Suppose 0 = -3*x + 12. Let l(k) = 4*k - x*k + 3*k. What is l(q)?
6
Let h(c) = -15*c + 4*c**2 + 4 + 4*c - c**3 - 3 + 7*c. What is h(3)?
-2
Let t(p) = p**2 + 4*p + 4. Suppose -2 + 0 = -h. Suppose -h*y + 5*z + 4 = 0, -11 = -2*y + 2*z - 1. Suppose 20 = 2*m - y*m. Determine t(m).
4
Suppose -6*z + 2*n = -z - 33, z - 3 = 4*n. Let l(u) = u. Determine l(z).
7
Suppose -4*l = 16, 0 = p + 3*l - 11 + 30. Let j = -5 - p. Suppose j*t = 5*k + 16, t - 3*k = -2*k + 2. Let u(d) = d + 1. Determine u(t).
-1
Suppose -2 = -4*o - 5*b, o + 0*b - 11 = 4*b. Let t(f) be the first derivative of f**3/3 - f**2 - f + 2. Calculate t(o).
2
Let m(q) = -4*q**3 - q**2 + 3*q + 1. Let s(y) = -9*y**3 - 2*y**2 + 6*y + 3. Let w = -8 - -13. Suppose z - 28 = w*z. Let f(b) = z*m(b) + 3*s(b). What is f(-3)?
-7
Suppose 8 = -4*x - 4*i, -3*x + 2*x - 3*i = 2. Let d be (-3)/((-3 - x) + 2). Let b(n) = 2*n**2 + 3*n - 3. Determine b(d).
6
Suppose 3*u = 3*i - 9 - 0, 5*u + 20 = 0. Let v(d) = -d**2 + d + 1. Let s(g) = -7*g**3 + 6*g**2 - 2*g - 3. Let k(c) = s(c) + 4*v(c). Calculate k(i).
8
Let v(b) = b**3 - b**2 - 3*b - 2. Let z = 6 - 6. Let s be (-4)/((-4)/5) - z. Suppose a = -s*d + 12, 12 + 15 = 4*d - 5*a. Calculate v(d).
7
Let g be (14/4 - 1)*-2. Let t = 6 + g. Let u(k) = 3*k**2 + k. Determine u(t).
4
Let b(f) = 5*f**2 - 2 - 3*f**2 + 2*f**2. Let z(s) = 3*s**2 + s - 2. Let x(o) = 4*b(o) - 5*z(o). Suppose 0*v - 12 = -4*v. Calculate x(v).
-4
Suppose -3*t + t = -2. Let p(u) = -t - u**3 + 3*u**2 + 4*u**3 - 2*u**2. Let w = 0 + 1. Determine p(w).
3
Suppose -q - 28 = -5*t, 2*q + 4*t - 8 = -2*q. Let r(j) = j**3 + j**2 - j. Determine r(q).
-15
Let l(u) = -u - 2. Let i be l(-3). Let t = -6 + 11. Let f(w) = 0*w - t*w + 0*w. What is f(i)?
-5
Let x(h) = -h**2 - h - 1 - 3 - 4*h + 3. Give x(-6).
-7
Let x(t) = -6*t + 6. Let y(w) = -w + 1. Let i(b) = -x(b) + 5*y(b). What is i(6)?
5
Suppose 5*u + 20 = -3*b + 2*b, -3*u + 10 = 5*b. Let c(m) = -m**3 + 5*m**2 + 3. Determine c(b).
3
Let k be (-1)/(-1)*(35 + -35). Let l(h) = h**3 + h + 7. Give l(k).
7
Let z(u) = -4*u - 2. Let j be z(1). Let m(q) = q**2 + 6*q + 2. Determine m(j).
2
Let o(k) = k + 1. Let a(n) = -2*n - 4. Suppose -20 = -q - 3*q. Let p(w) = q*o(w) + a(w). Let s(d) = -4*d - 2. Let y(b) = -3*p(b) - 2*s(b). Give y(-5).
6
Let o(v) = -v - 6. Let i(f) = -30*f + 30*f + 5 + f**3 - 4*f**2. Let b be i(4). Suppose -a = -2*s - 0*s + 8, -20 = a - b*s. Determine o(a).
-6
Let w(h) be the first derivative of h**4/12 - 2*h**3/3 + h**2/2 + h - 2. Let y(u) be the first derivative of w(u). Determine y(3).
-2
Let g = -3 + 7. Suppose g*z - 7 = 9. Let u(w) = w**2 - 7*w + 6. Give u(z).
-6
Suppose -3*t = t - 16. Let n(g) = 3*g - t*g - g + 0*g. Calculate n(1).
-2
Let l(n) = -1 + 2 - n**2 + 2. Suppose -4*p - p = 0. What is l(p)?
3
Let b(o) = 11 - 6 - o + 0*o. Calculate b(5).
0
Let a(w) = -w**2 + 8*w - 3. Let f(m) = 5*m**2 - 41*m + 15. Let l(z) = 11*a(z) + 2*f(z). Suppose -3*t = 4*p - 7*t, t = 5. What is l(p)?
2
Let b(u) = -6*u - 2*u + 6*u**2 + u**3 - 3 + 0. Let r be -1 + ((-2)/3)/(2/18). Calculate b(r).
4
Let w(v) = v + 3. Let f(n) = -2*n - 4. Let s(z) = 2*f(z) + 3*w(z). Let m be s(0). Let j(k) = 1 + 1 + m + k. Calculate j(-4).
-1
Suppose b - 2 = 2. Let r(z) = -b*z - 3*z**3 + 3 + 3*z + 4*z + 4*z**3 + 3*z**2. Give r(-3).
-6
Let t(m) be the second derivative of 1/12*m**4 + 3*m + 1/6*m**3 + 1/2*m**2 + 0. What is t(2)?
7
Let d(c) = c**2 - 3*c - 4. Let a(n) = -3*n - 1. Let o(b) = -b + 9. Let s be o(10). Let z be a(s). Suppose -g + 0*i + 4*i = 13, 0 = z*i - 8. Calculate d(g).
-4
Let j be (-1 - -4)/(9 - 8). Let l(s) be the second derivative of 2*s**3/3 - 2*s**2 + s. Determine l(j).
8
Let r be (-20)/(-11) - (-6)/33. Let h(a) = 8 - 3 + r*a + 2. Calculate h(-6).
-5
Let g(b) be the third derivative of b**5/20 - b**4/24 - b**3/3 - b**2. Let h(t) be the first derivative of g(t). Calculate h(-1).
-7
Let d(q) = q**2 + 4*q + 1. Let g(i) = i**2 + 10*i - 14. Let x be g(-11). Give d(x).
-2
Let k(z) be the first derivative of -z**4/6 - z**3/3 - 3*z**2/2 + 6. Let w(u) be the second derivative of k(u). What is w(-2)?
6
Let i = -13 + 20. Let t = 11 + -7. Let y(q) = i + 4 + 2*q - t*q + 3*q. Determine y(-5).
6
Let v = 17 - 15. Let w(s) = 2 - 4*s**2 - s**v + 4*s**2 - 3*s. Calculate w(2).
-8
Suppose -24 = 7*t - 15*t. Let j(i) = -i**2. Calculate j(t).
-9
Suppose -8 = 5*p + 4*o, 2*p + 3*o + 0 - 1 = 0. Let x(w) = -2*w - 4. Let z be x(-4). Let a(l) = -z + 5*l**2 - l - l + 5*l + l**3. Calculate a(p).
0
Suppose -5*q = -5, 0*f + 4*f = -2*q + 18. Let x be 7 - (6 + -3 + 0). Let g(v) = -x + 4 + f + v. Determine g(0).
4
Let k be ((-20)/6)/((-7)/21). Suppose 4*g = -u + 13, u + u + k = 4*g. Let r(w) be the second derivative of -w**4/12 + w**3/3 + 3*w. Give r(u).
1
Let k be (-3)/12 - (-9)/4. Let g be (k + -8 - 0) + 1. Let y(p) be the first derivative of p**2/2 + 5*p - 4. Determine y(g).
0
Let l(t) = 7 + 3*t - 3 - t**2 + 1. Calculate l(4).
1
Let c be ((0 - 0) + 0)/(-1). Let p(k) = k + 13. Let t be p(-7). Suppose 4*y = -2*u + 7*u + 17, c = -2*y + t. Let g(m) = m**3 + 2*m**2 - 1. Calculate g(u).
0
Let f(v) = v**3 - 6*v**2 + 4*v + 1. Suppose 4*n + 4*t - 44 = 0, 3*t = -4*n + 4*t + 39. Let i = 15 - n. Calculate f(i).
-4
Let u(b) be the third derivative of b**4/24 - b**3 - 12*b**2. Calculate u(0).
-6
Suppose -2*n = -3 + 5. Let x(s) = -s**3 + 9*s**2 - 7*s - 1. Let a be x(8). Let t(p) = 2*p + a*p + 3*p. Calculate t(n).
-12
Let i(b) be the second derivative of -b**4/12 + b**3/6 + b**2/2 + 8*b. Let f(t) = -t - 4. Let v be (-23)/7 - 4/(-14). Let s be f(v). Give i(s).
-1
Let p(w) = -w**2 + 4*w - 4. Suppose -2*a + 10 = -0*a. Let f = -5 + a. Suppose 5*m - m - 20 = f. Give p(m).
-9
Suppose 2*z + 12 = 6*z. Let h(p) = 8*p - 6. Let m(g) = -4*g + 3. Let s(r) = -6*h(r) - 13*m(r). Calculate s(z).
9
Let s(t) = -6*t**3 + 8*t**2 + 16*t - 16. Let h(v) = -5*v**3 + 8*v**2 + 15*v - 15. Let g(j) = 5*h(j) - 4*s(j). Calculate g(9).
7
Let r(d) = -8*d**2 - 5*d + 2. Let h(f) = 4*f**2 + 2*f - 1. Let b(i) = -5*h(i) - 2*r(i). Let u(v) = v**3 - 6*v**2 + 4*v + 6. Let k be u(5). Calculate b(k).
-3
Suppose -61 = -3*d - 73. Let l(k) = -k**2 + k + 3. What is l(d)?
-17
Suppose -3*c = 3*o - 0*c, o - 3*c = 16. Suppose 3*w + 0*w - 24 = 0. Suppose -s - w = -5*s - 4*l, 0 = -s + 5*l - o. Let v(n) = 3*n**2 + n - 1. Determine v(s).
3
Let u(w) be the first derivative of 7*w**3/3 - w**2/2 - 10. Give u(1).
6
Let g(v) = -v**2 + 4*v. Let j(x) = -x + 2. Let s be j(-2). Let c = 8 - s. Determine g(c).
0
Let o(n) = -n**3 - 2*n**2 + 2*